nder when 2718 is divided by 1236?
246
What is the remainder when 65918 is divided by 21969?
11
What is the remainder when 297683 is divided by 663?
659
Calculate the remainder when 82932 is divided by 1063.
18
Calculate the remainder when 1746 is divided by 1712.
34
What is the remainder when 3712 is divided by 1696?
320
Calculate the remainder when 17391 is divided by 49.
45
What is the remainder when 23891 is divided by 1257?
8
What is the remainder when 3521 is divided by 168?
161
What is the remainder when 12904 is divided by 76?
60
What is the remainder when 120782 is divided by 902?
816
Calculate the remainder when 86445 is divided by 1007.
850
Calculate the remainder when 1126 is divided by 1115.
11
Calculate the remainder when 168717 is divided by 152.
149
What is the remainder when 8789 is divided by 1737?
104
What is the remainder when 19907 is divided by 188?
167
Calculate the remainder when 57861 is divided by 378.
27
Calculate the remainder when 5082710 is divided by 1131.
1127
What is the remainder when 430613 is divided by 71?
69
What is the remainder when 191 is divided by 176?
15
Calculate the remainder when 113615 is divided by 115.
110
Calculate the remainder when 21210 is divided by 14.
0
What is the remainder when 87137 is divided by 1584?
17
Calculate the remainder when 4789 is divided by 20.
9
What is the remainder when 1111 is divided by 257?
83
Calculate the remainder when 2842 is divided by 13.
8
What is the remainder when 86580 is divided by 133?
130
Calculate the remainder when 252296 is divided by 126143.
10
Calculate the remainder when 28972 is divided by 14481.
10
What is the remainder when 2875 is divided by 39?
28
Calculate the remainder when 351452 is divided by 193.
192
What is the remainder when 9022 is divided by 318?
118
What is the remainder when 1807 is divided by 8?
7
What is the remainder when 18664 is divided by 8616?
1432
What is the remainder when 66395 is divided by 3905?
10
Calculate the remainder when 608359 is divided by 7.
3
Calculate the remainder when 578 is divided by 463.
115
Calculate the remainder when 435539 is divided by 61.
60
What is the remainder when 404590 is divided by 637?
95
Calculate the remainder when 35860 is divided by 815.
0
What is the remainder when 366432 is divided by 17?
14
Calculate the remainder when 6369 is divided by 80.
49
What is the remainder when 18382 is divided by 551?
199
What is the remainder when 32619 is divided by 75?
69
What is the remainder when 1290 is divided by 1269?
21
What is the remainder when 104131 is divided by 118?
55
Calculate the remainder when 7759 is divided by 553.
17
What is the remainder when 10375 is divided by 69?
25
What is the remainder when 15701 is divided by 5231?
8
Calculate the remainder when 1051 is divided by 390.
271
What is the remainder when 17466 is divided by 16333?
1133
What is the remainder when 82152 is divided by 16427?
17
Calculate the remainder when 7661 is divided by 65.
56
What is the remainder when 8851 is divided by 21?
10
Calculate the remainder when 6972 is divided by 290.
12
What is the remainder when 3496 is divided by 1345?
806
What is the remainder when 823358 is divided by 20?
18
Calculate the remainder when 328231 is divided by 17275.
6
Calculate the remainder when 150276 is divided by 25046.
0
What is the remainder when 4411 is divided by 733?
13
What is the remainder when 20444 is divided by 16?
12
Calculate the remainder when 21371 is divided by 21368.
3
Calculate the remainder when 83946 is divided by 13988.
18
Calculate the remainder when 204071 is divided by 22669.
50
What is the remainder when 18371 is divided by 9139?
93
Calculate the remainder when 3069 is divided by 12.
9
Calculate the remainder when 6127 is divided by 259.
170
What is the remainder when 7336 is divided by 7324?
12
What is the remainder when 8073 is divided by 2409?
846
Calculate the remainder when 1112 is divided by 181.
26
What is the remainder when 13197 is divided by 90?
57
What is the remainder when 33128 is divided by 9?
8
What is the remainder when 267 is divided by 251?
16
What is the remainder when 3251160 is divided by 71?
70
What is the remainder when 2721 is divided by 193?
19
Calculate the remainder when 8317 is divided by 2738.
103
What is the remainder when 3335 is divided by 275?
35
What is the remainder when 2460 is divided by 117?
3
Calculate the remainder when 19926 is divided by 47.
45
What is the remainder when 12093 is divided by 153?
6
What is the remainder when 150358 is divided by 150355?
3
Calculate the remainder when 20966 is divided by 1497.
8
What is the remainder when 4976 is divided by 242?
136
What is the remainder when 100564 is divided by 204?
196
Calculate the remainder when 946399 is divided by 416.
415
Calculate the remainder when 164971 is divided by 336.
331
Calculate the remainder when 10274 is divided by 76.
14
What is the remainder when 85691 is divided by 435?
431
What is the remainder when 1354 is divided by 96?
10
What is the remainder when 2491 is divided by 1209?
73
What is the remainder when 2241 is divided by 73?
51
Calculate the remainder when 399827 is divided by 14.
1
Calculate the remainder when 7946 is divided by 370.
176
Calculate the remainder when 221727 is divided by 1192.
15
What is the remainder when 4514 is divided by 21?
20
What is the remainder when 2340 is divided by 295?
275
What is the remainder when 40135 is divided by 94?
91
Calculate the remainder when 18686 is divided by 105.
101
What is the remainder when 29785 is divided by 4963?
7
What is the remainder when 38192 is divided by 19030?
132
What is the remainder when 242866 is divided by 14?
8
What is the remainder when 25979 is divided by 236?
19
Calculate the remainder when 314414 is divided by 6.
2
What is the remainder when 23962 is divided by 27?
13
Calculate the remainder when 5074 is divided by 2464.
146
Calculate the remainder when 3332 is divided by 12.
8
What is the remainder when 18779 is divided by 18772?
7
Calculate the remainder when 727 is divided by 140.
27
Calculate the remainder when 27134 is divided by 3869.
51
What is the remainder when 76002 is divided by 731?
709
Calculate the remainder when 328534 is divided by 27.
25
Calculate the remainder when 1720 is divided by 411.
76
What is the remainder when 327552 is divided by 398?
396
Calculate the remainder when 3977 is divided by 231.
50
What is the remainder when 2546 is divided by 1241?
64
What is the remainder when 14811 is divided by 3698?
19
Calculate the remainder when 785 is divided by 250.
35
What is the remainder when 43118 is divided by 392?
390
What is the remainder when 14408 is divided by 209?
196
What is the remainder when 123354 is divided by 61675?
4
What is the remainder when 84062 is divided by 8406?
2
Calculate the remainder when 2692 is divided by 176.
52
What is the remainder when 1210518 is divided by 53?
51
Calculate the remainder when 2053392 is divided by 34.
30
Calculate the remainder when 175961 is divided by 850.
11
Calculate the remainder when 6161 is divided by 2045.
26
What is the remainder when 123142 is divided by 3848?
6
Calculate the remainder when 98683 is divided by 30.
13
Calculate the remainder when 220872 is divided by 36810.
12
What is the remainder when 174845 is divided by 683?
680
Calculate the remainder when 1382676 is divided by 52.
48
What is the remainder when 22677 is divided by 9?
6
Calculate the remainder when 734259 is divided by 3617.
8
What is the remainder when 3262591 is divided by 1085?
1081
Calculate the remainder when 13589 is divided by 106.
21
Calculate the remainder when 277105 is divided by 69273.
13
Calculate the remainder when 252704 is divided by 66.
56
What is the remainder when 253580 is divided by 413?
411
What is the remainder when 1518 is divided by 347?
130
Calculate the remainder when 384 is divided by 133.
118
Calculate the remainder when 12088 is divided by 403.
401
What is the remainder when 60344 is divided by 852?
704
What is the remainder when 1285 is divided by 24?
13
What is the remainder when 4266 is divided by 15?
6
Calculate the remainder when 162470 is divided by 92.
90
What is the remainder when 22120 is divided by 1053?
7
What is the remainder whe